 1151
What are the prime factors of 233548866?
2, 3, 4324979
List the prime factors of 235977822.
2, 3, 3203, 4093
List the prime factors of 1067602035.
3, 5, 7793, 9133
List the prime factors of 29006143.
29006143
List the prime factors of 2043211520.
2, 5, 7, 163, 1399
What are the prime factors of 53524736?
2, 419, 499
What are the prime factors of 112108796?
2, 977, 28687
List the prime factors of 41805155.
5, 7, 71, 16823
What are the prime factors of 72484223?
7, 10354889
What are the prime factors of 37133870?
2, 5, 3713387
What are the prime factors of 59156898?
2, 3, 9859483
What are the prime factors of 254074029?
3, 11, 7699213
List the prime factors of 352611861.
3, 7, 19, 883739
List the prime factors of 2357873592.
2, 3, 41, 2396213
List the prime factors of 518220823.
518220823
List the prime factors of 39847387.
83, 197, 2437
What are the prime factors of 16568909?
7, 338141
What are the prime factors of 4711695440?
2, 5, 37, 349, 4561
What are the prime factors of 5028845921?
11, 457167811
What are the prime factors of 2302743706?
2, 163, 7063631
What are the prime factors of 42539475?
3, 5, 11, 51563
List the prime factors of 53352998.
2, 26676499
List the prime factors of 1707185728.
2, 67, 359, 1109
List the prime factors of 37191002.
2, 17, 691, 1583
List the prime factors of 280379464.
2, 827, 42379
What are the prime factors of 26307230?
2, 5, 103, 25541
What are the prime factors of 26609892?
2, 3, 2217491
What are the prime factors of 1722835?
5, 344567
List the prime factors of 4069680.
2, 3, 5, 31, 547
What are the prime factors of 795672447?
3, 47, 1021, 5527
List the prime factors of 51208523.
51208523
List the prime factors of 3483571496.
2, 17761, 24517
What are the prime factors of 444144540?
2, 3, 5, 7, 1057487
List the prime factors of 920258232.
2, 3, 131, 292703
What are the prime factors of 890140587?
3, 7, 17, 29, 127, 677
What are the prime factors of 737958686?
2, 397, 929419
What are the prime factors of 8660387?
8660387
List the prime factors of 2385156250.
2, 5, 43, 71
What are the prime factors of 760120308?
2, 3, 19, 83, 4463
What are the prime factors of 92874077?
17, 5463181
What are the prime factors of 750800015?
5, 7, 2879, 7451
List the prime factors of 300984945.
3, 5, 47, 131, 3259
List the prime factors of 308017771.
23, 193, 69389
List the prime factors of 19331023.
17, 29, 113, 347
What are the prime factors of 368673111?
3, 31, 1321409
List the prime factors of 617937129.
3, 239, 287279
List the prime factors of 140615451.
3, 433, 36083
List the prime factors of 1798897625.
5, 7, 61, 33703
What are the prime factors of 141251686?
2, 31, 127, 17939
What are the prime factors of 367547?
367547
List the prime factors of 398576820.
2, 3, 5, 223, 29789
List the prime factors of 1072907073.
3, 7, 5676757
List the prime factors of 246846621.
3, 7, 691, 17011
What are the prime factors of 75609223?
75609223
List the prime factors of 2281091693.
31, 73583603
What are the prime factors of 102507921?
3, 137, 83137
List the prime factors of 103954514.
2, 51977257
What are the prime factors of 55403928?
2, 3, 373, 2063
What are the prime factors of 106962211?
106962211
What are the prime factors of 3040739?
13, 17, 13759
What are the prime factors of 1906897?
19, 100363
What are the prime factors of 4641625286?
2, 101, 661, 34763
What are the prime factors of 558460742?
2, 7, 5698579
List the prime factors of 895882971.
3, 298627657
List the prime factors of 311429579.
17, 29, 37159
What are the prime factors of 730534377?
3, 83, 139, 21107
What are the prime factors of 2710153354?
2, 71, 113, 168899
List the prime factors of 1759537608.
2, 3, 269, 449, 607
What are the prime factors of 17560173?
3, 5853391
List the prime factors of 1469858445.
3, 5, 11, 59, 50329
List the prime factors of 714955768.
2, 89369471
What are the prime factors of 480089920?
2, 5, 149, 10069
What are the prime factors of 877235076?
2, 3, 2237, 3631
What are the prime factors of 99976608?
2, 3, 347141
What are the prime factors of 27104044?
2, 11, 31, 641
What are the prime factors of 7843724545?
5, 1568744909
What are the prime factors of 37563338?
2, 43, 373, 1171
What are the prime factors of 9685449?
3, 29, 43, 863
What are the prime factors of 1920683728?
2, 73, 1644421
What are the prime factors of 113045807?
7, 167, 96703
What are the prime factors of 74455037?
263, 283099
What are the prime factors of 3956411039?
7, 565201577
List the prime factors of 55608905.
5, 11, 1011071
List the prime factors of 77472089.
239, 324151
What are the prime factors of 266471323?
266471323
What are the prime factors of 4751718557?
23, 206596459
List the prime factors of 11489097.
3, 193, 19843
What are the prime factors of 12276156?
2, 3, 37, 43, 643
List the prime factors of 17327947.
7, 13, 17, 23, 487
What are the prime factors of 406307970?
2, 3, 5, 19, 237607
List the prime factors of 32500810.
2, 5, 3250081
What are the prime factors of 588060598?
2, 1987, 147977
What are the prime factors of 13863995?
5, 317, 8747
List the prime factors of 82147940.
2, 5, 7, 137, 4283
What are the prime factors of 165987669?
3, 197, 280859
What are the prime factors of 2253972917?
7, 321996131
List the prime factors of 116979530.
2, 5, 11697953
What are the prime factors of 54957665?
5, 7, 224317
List the prime factors of 814041540.
2, 3, 5, 13, 331, 1051
What are the prime factors of 25913547?
3, 11, 87251
List the prime factors of 2339779802.
2, 17, 68817053
List the prime factors of 45047.
107, 421
What are the prime factors of 172691486?
2, 11, 2477, 3169
List the prime factors of 45612821.
45612821
What are the prime factors of 213298528?
2, 773, 8623
What are the prime factors of 4499450?
2, 5, 89989
List the prime factors of 1044706014.
2, 3, 11, 31, 15473
What are the prime factors of 1201347305?
5, 541, 444121
List the prime factors of 200063689.
7, 463, 61729
What are the prime factors of 73885020?
2, 3, 5, 11, 10177
List the prime factors of 518292548.
2, 129573137
What are the prime factors of 340415976?
2, 3, 14183999
What are the prime factors of 14009290?
2, 5, 41, 47, 727
What are the prime factors of 239389839?
3, 13, 211, 9697
List the prime factors of 6132745874.
2, 107, 131, 218761
List the prime factors of 2312029861.
2312029861
List the prime factors of 83511671.
3307, 25253
List the prime factors of 2870257520.
2, 5, 13, 1483, 1861
List the prime factors of 1067253601.
9587, 111323
What are the prime factors of 758497066?
2, 379248533
What are the prime factors of 18109112?
2, 7, 323377
List the prime factors of 905634135.
3, 5, 7, 958343
List the prime factors of 51559608.
2, 3, 73, 29429
List the prime factors of 141636123.
3, 283, 55609
What are the prime factors of 57827208?
2, 3, 2409467
List the prime factors of 1238507645.
5, 59, 4198331
What are the prime factors of 214661670?
2, 3, 5, 31, 230819
List the prime factors of 331345505.
5, 131, 505871
List the prime factors of 1440996950.
2, 5, 29, 587, 1693
What are the prime factors of 96824281?
6761, 14321
What are the prime factors of 236898824?
2, 1277, 23189
What are the prime factors of 4574480942?
2, 191, 11975081
List the prime factors of 2018157663.
3, 672719221
What are the prime factors of 2998378865?
5, 47, 1381, 9239
What are the prime factors of 1108095778?
2, 554047889
List the prime factors of 756736824.
2, 3, 31530701
What are the prime factors of 288160487?
149, 739, 2617
List the prime factors of 49372738.
2, 24686369
List the prime factors of 137258652.
2, 3, 41, 278981
What are the prime factors of 1930172551?
19, 59, 1721831
List the prime factors of 21348254.
2, 701, 15227
What are the prime factors of 3362175825?
3, 5, 44829011
What are the prime factors of 21341609?
31, 709, 971
List the prime factors of 2399637233.
7, 342805319
List the prime factors of 749062162.
2, 197, 937, 2029
List the prime factors of 442226667.
3, 4201, 35089
What are the prime factors of 1125415712?
2, 2803, 12547
What are the prime factors of 4405429519?
373, 11810803
List the prime factors of 66207958.
2, 33103979
List the prime factors of 113422639.
11, 1907, 5407
What are the prime factors of 543137453?
31, 17520563
What are the prime factors of 190694468?